st the prime factors of 99455034.
2, 3, 7, 2367977
What are the prime factors of 946159773?
3, 13, 31, 47, 16651
What are the prime factors of 1381689012?
2, 3, 11, 41, 53, 4817
What are the prime factors of 7222676629?
7, 1031810947
List the prime factors of 4314589965.
3, 5, 7, 331, 41381
What are the prime factors of 15519039?
3, 5173013
List the prime factors of 82184377.
11, 41, 149, 1223
List the prime factors of 93574768.
2, 7, 835489
List the prime factors of 135537582.
2, 3, 421, 53657
List the prime factors of 253522475.
5, 41, 247339
What are the prime factors of 957228133?
957228133
List the prime factors of 166298965.
5, 7, 1489, 3191
What are the prime factors of 5195270067?
3, 13, 31, 47, 541
List the prime factors of 1378536309.
3, 153170701
What are the prime factors of 117085175?
5, 673, 6959
List the prime factors of 157551465.
3, 5, 263, 39937
What are the prime factors of 83829159?
3, 17, 19, 28837
What are the prime factors of 4302529039?
59, 1553, 46957
List the prime factors of 164310681.
3, 467, 117281
List the prime factors of 41112643.
11, 13, 287501
List the prime factors of 168123920.
2, 5, 2101549
List the prime factors of 812346452.
2, 2789, 72817
What are the prime factors of 113527600?
2, 5, 463, 613
List the prime factors of 275089902.
2, 3, 45848317
What are the prime factors of 16110855?
3, 5, 31, 11549
List the prime factors of 39819027.
3, 277, 47917
What are the prime factors of 385510512?
2, 3, 8031469
List the prime factors of 761994139.
317, 997, 2411
List the prime factors of 35044184.
2, 7, 625789
List the prime factors of 4693089977.
48049, 97673
List the prime factors of 181921079.
107, 1700197
What are the prime factors of 1305930543?
3, 435310181
List the prime factors of 19926090.
2, 3, 5, 221401
List the prime factors of 17313882.
2, 3, 89, 32423
List the prime factors of 46091004.
2, 3, 1069, 3593
What are the prime factors of 411822118?
2, 10559, 19501
List the prime factors of 64517108.
2, 17, 41, 73, 317
List the prime factors of 1365422293.
83, 16450871
List the prime factors of 204355942.
2, 7, 14596853
List the prime factors of 198560189.
6143, 32323
List the prime factors of 150950618.
2, 7, 13, 829399
What are the prime factors of 589311784?
2, 29, 479, 5303
List the prime factors of 1032501923.
433, 5507
What are the prime factors of 653102705?
5, 43, 3037687
List the prime factors of 398333071.
5987, 66533
List the prime factors of 90733808.
2, 11, 29, 613
List the prime factors of 118353971.
173, 684127
List the prime factors of 15580383.
3, 7, 13, 31, 263
List the prime factors of 3264011840.
2, 5, 10200037
What are the prime factors of 638945858?
2, 43, 449, 16547
What are the prime factors of 72126965?
5, 23, 627191
What are the prime factors of 681126886?
2, 11, 29, 1067597
What are the prime factors of 175637939?
175637939
List the prime factors of 595458304.
2, 7, 332287
List the prime factors of 10074523.
17, 241, 2459
What are the prime factors of 3620120506?
2, 1810060253
List the prime factors of 45640628.
2, 11, 569, 1823
List the prime factors of 13389999.
3, 7, 17, 37507
What are the prime factors of 3257389527?
3, 7, 1103, 140629
List the prime factors of 399884529.
3, 11, 12117713
What are the prime factors of 3754830?
2, 3, 5, 47, 2663
What are the prime factors of 353493?
3, 7, 31, 181
What are the prime factors of 4007079?
3, 47, 9473
List the prime factors of 734397271.
9833, 74687
What are the prime factors of 27768172?
2, 653, 10631
List the prime factors of 1423544511.
3, 67, 7082311
What are the prime factors of 488382591?
3, 29, 853, 6581
What are the prime factors of 48286999?
19, 181, 739
List the prime factors of 49255742.
2, 23, 1070777
What are the prime factors of 3737853261?
3, 19, 131, 166861
What are the prime factors of 509598426?
2, 3, 17, 1721, 2903
List the prime factors of 347576094.
2, 3, 19309783
What are the prime factors of 269874229?
3851, 70079
What are the prime factors of 62483603?
7, 13, 29, 23677
List the prime factors of 4835602.
2, 2417801
What are the prime factors of 13169253?
3, 197, 22283
List the prime factors of 6293001143.
11, 13, 149, 263, 1123
What are the prime factors of 1558837013?
109, 14301257
What are the prime factors of 662420498?
2, 331210249
What are the prime factors of 81825535?
5, 11, 947, 1571
List the prime factors of 63784075.
5, 89, 109, 263
List the prime factors of 143109892.
2, 307, 116539
What are the prime factors of 287312923?
251, 367, 3119
What are the prime factors of 863765027?
863765027
What are the prime factors of 746569921?
2239, 333439
List the prime factors of 266730107.
7, 31, 181, 6791
What are the prime factors of 42829213?
7, 1033, 5923
What are the prime factors of 13609044?
2, 3, 17, 37, 601
List the prime factors of 332053691.
23, 131, 191, 577
List the prime factors of 343286233.
269, 1276157
What are the prime factors of 49559068?
2, 13, 19, 103, 487
List the prime factors of 885135055.
5, 7, 4751, 5323
List the prime factors of 247347703.
247347703
What are the prime factors of 526658324?
2, 23, 43, 67, 1987
What are the prime factors of 248359449?
3, 13, 211, 30181
What are the prime factors of 65588748?
2, 3, 73, 74873
What are the prime factors of 41218837?
11, 71, 89, 593
List the prime factors of 88382154.
2, 3, 7, 2104337
List the prime factors of 210846884.
2, 59, 893419
List the prime factors of 2556067017.
3, 7, 19, 43, 21283
List the prime factors of 478135456.
2, 19, 786407
What are the prime factors of 320057712?
2, 3, 13, 170971
What are the prime factors of 1435169869?
7, 17, 1722893
What are the prime factors of 64280427?
3, 21426809
List the prime factors of 1894624916.
2, 473656229
What are the prime factors of 177745944?
2, 3, 71, 104311
What are the prime factors of 744988738?
2, 13, 137, 199, 1051
What are the prime factors of 4524502016?
2, 4418459
List the prime factors of 69220502.
2, 13, 241, 11047
What are the prime factors of 717309064?
2, 89663633
What are the prime factors of 14510716?
2, 11, 329789
What are the prime factors of 1879009486?
2, 191, 4918873
What are the prime factors of 8880080?
2, 5, 11, 10091
List the prime factors of 465312109.
19, 24490111
What are the prime factors of 9884283?
3, 127, 25943
What are the prime factors of 491847221?
29, 107, 158507
List the prime factors of 421018734.
2, 3, 70169789
What are the prime factors of 44490360?
2, 3, 5, 17, 113, 193
What are the prime factors of 109115369?
11, 83, 119513
List the prime factors of 1895827554.
2, 3, 105323753
What are the prime factors of 717553589?
717553589
What are the prime factors of 43206733?
2371, 18223
List the prime factors of 4560133098.
2, 3, 7699, 98717
What are the prime factors of 75735386?
2, 37867693
What are the prime factors of 4345432612?
2, 1086358153
List the prime factors of 65858356.
2, 263, 62603
List the prime factors of 20196692.
2, 5049173
What are the prime factors of 87682624?
2, 23, 59567
List the prime factors of 388408029.
3, 129469343
List the prime factors of 1461784469.
29, 977, 51593
List the prime factors of 148727422.
2, 677, 109843
What are the prime factors of 1833956171?
19, 37, 137303
List the prime factors of 35273065.
5, 7054613
List the prime factors of 520905407.
11, 311, 152267
What are the prime factors of 455372184?
2, 3, 53, 357997
What are the prime factors of 74177405?
5, 41, 487, 743
List the prime factors of 4744771.
223, 21277
What are the prime factors of 2120363665?
5, 7, 103, 588173
What are the prime factors of 169392742?
2, 31, 613, 4457
What are the prime factors of 283389510?
2, 3, 5, 2333, 4049
What are the prime factors of 534189782?
2, 7, 38156413
List the prime factors of 1297107614.
2, 11, 58959437
List the prime factors of 50614093.
50614093
What are the prime factors of 49418694?
2, 3, 13, 17, 41, 101
List the prime factors of 616974030.
2, 3, 5, 17, 134417
List the prime factors of 1045658.
2, 522829
List the prime factors of 2763775757.
10687, 258611
List the prime factors of 49432841.
49432841
What are the prime factors of 449985630?
2, 3, 5, 883, 16987
List the prime factors of 865761737.
17, 29, 1756109
List the prime factors of 222486964.
2, 7, 7945963
List the prime factors of 4175307516.
2, 3, 59,